{"id":3817,"date":"2025-07-08T21:51:38","date_gmt":"2025-07-08T19:51:38","guid":{"rendered":"https:\/\/www.bs-eas.de\/shop\/?post_type=product&#038;p=3817"},"modified":"2025-07-08T22:24:01","modified_gmt":"2025-07-08T20:24:01","slug":"sensormatic-mtl-klebeetikett-zlmtls1-ve-2-500-optik-weiss","status":"publish","type":"product","link":"https:\/\/www.bs-eas.de\/shop\/produkt\/sensormatic-mtl-klebeetikett-zlmtls1-ve-2-500-optik-weiss\/","title":{"rendered":"Sensormatic MTL-Klebeetikett &#8211; ZLMTLS1 &#8211; VE: 2.500 \/ Optik: Wei\u00df"},"content":{"rendered":"<h2>Sensormatic MTL-Klebeetikett<\/h2>\n<p>Die Klebeetiketten f\u00fcr Metalloberfl\u00e4chen sind leistungsstark und bieten erstklassigen Warenschutz, wenn sie auf Metalloberfl\u00e4chen oder auf Metallverpackungen angebracht werden. Mit diesen Etiketten k\u00f6nnen Sie nun auch bislang ungesch\u00fctzte Artikel sichern, f\u00fcr die Standard-EAS-Etiketten ungeeignet waren.<\/p>\n<h2>Mehrwert f\u00fcr Einzelh\u00e4ndler<\/h2>\n<ul>\n<li>Erweitert das Warensicherungssortiment um Kategorien, die sich bisher nicht sch\u00fctzen lie\u00dfen, um den Umsatz zu steigern<\/li>\n<li>Bietet den h\u00f6chsten Diebstahlschutz f\u00fcr Metallverpackungen und -produkte zur Abschreckung von Ladendieben und organisierter Einzelhandelskriminalit\u00e4t<\/li>\n<li>Robuste Konstruktion f\u00fcr optimalen Warenschutz<\/li>\n<\/ul>\n","protected":false},"excerpt":{"rendered":"<p>Sensormatic MTL-Klebeetikett Die Klebeetiketten f\u00fcr Metalloberfl\u00e4chen sind leistungsstark und bieten erstklassigen Warenschutz, wenn sie auf Metalloberfl\u00e4chen oder auf Metallverpackungen angebracht werden. Mit diesen Etiketten k\u00f6nnen Sie nun auch bislang ungesch\u00fctzte Artikel sichern, f\u00fcr die Standard-EAS-Etiketten ungeeignet waren. Mehrwert f\u00fcr Einzelh\u00e4ndler Erweitert das Warensicherungssortiment um Kategorien, die sich bisher nicht sch\u00fctzen lie\u00dfen, um den Umsatz zu [&hellip;]<\/p>\n","protected":false},"featured_media":3818,"template":"","meta":[],"product_cat":[114],"product_tag":[179,218,167,217],"class_list":["post-3817","product","type-product","status-publish","has-post-thumbnail","hentry","product_cat-klebeetiketten-sensormatic","product_tag-klebeetikett","product_tag-mtl","product_tag-sensormatic","product_tag-zlmtls1"],"tiered_pricing_type":"fixed","tiered_pricing_fixed_rules":[],"tiered_pricing_percentage_rules":[],"tiered_pricing_minimum":1,"_administrator_tiered_pricing_type":"fixed","_administrator_tiered_pricing_fixed_rules":[],"_editor_tiered_pricing_type":"fixed","_editor_tiered_pricing_fixed_rules":[],"_author_tiered_pricing_type":"fixed","_author_tiered_pricing_fixed_rules":[],"_contributor_tiered_pricing_type":"fixed","_contributor_tiered_pricing_fixed_rules":[],"_subscriber_tiered_pricing_type":"fixed","_subscriber_tiered_pricing_fixed_rules":[],"_customer_tiered_pricing_type":"fixed","_customer_tiered_pricing_fixed_rules":[],"_shop_manager_tiered_pricing_type":"fixed","_shop_manager_tiered_pricing_fixed_rules":[],"_wpseo_manager_tiered_pricing_type":"fixed","_wpseo_manager_tiered_pricing_fixed_rules":[],"_wpseo_editor_tiered_pricing_type":"fixed","_wpseo_editor_tiered_pricing_fixed_rules":[],"_translator_tiered_pricing_type":"fixed","_translator_tiered_pricing_fixed_rules":[],"yoast_head":"<!-- This site is optimized with the Yoast SEO plugin v25.4 - https:\/\/yoast.com\/wordpress\/plugins\/seo\/ -->\n<title>Sensormatic MTL-Klebeetikett - ZLMTLS1 - VE: 2.500 \/ Optik: Wei\u00df - B&amp;S Service GmbH Shop<\/title>\n<meta name=\"description\" content=\"Sensormatic MTL-Klebeetikett - ZLMTLS1 - VE: 2.500 \/ Optik: Wei\u00df &gt; im B&amp;S Sicherheitstechnik Shop kaufen\" \/>\n<meta name=\"robots\" content=\"index, follow, max-snippet:-1, max-image-preview:large, max-video-preview:-1\" \/>\n<link rel=\"canonical\" href=\"https:\/\/www.bs-eas.de\/shop\/produkt\/sensormatic-mtl-klebeetikett-zlmtls1-ve-2-500-optik-weiss\/\" \/>\n<meta property=\"og:locale\" content=\"de_DE\" \/>\n<meta property=\"og:type\" content=\"article\" \/>\n<meta property=\"og:title\" content=\"Sensormatic MTL-Klebeetikett - ZLMTLS1 - VE: 2.500 \/ Optik: Wei\u00df - B&amp;S Service GmbH Shop\" \/>\n<meta property=\"og:description\" content=\"Sensormatic MTL-Klebeetikett - ZLMTLS1 - VE: 2.500 \/ Optik: Wei\u00df &gt; im B&amp;S Sicherheitstechnik Shop kaufen\" \/>\n<meta property=\"og:url\" content=\"https:\/\/www.bs-eas.de\/shop\/produkt\/sensormatic-mtl-klebeetikett-zlmtls1-ve-2-500-optik-weiss\/\" \/>\n<meta property=\"og:site_name\" content=\"B&amp;S Service GmbH Shop\" \/>\n<meta property=\"article:publisher\" content=\"https:\/\/www.facebook.com\/profile.php?id=100057193283601\" \/>\n<meta property=\"article:modified_time\" content=\"2025-07-08T20:24:01+00:00\" \/>\n<meta property=\"og:image\" content=\"https:\/\/www.bs-eas.de\/shop\/wp-content\/uploads\/2025\/07\/Sensormatic-MTL-Klebeetikett-ZLMTLS1.jpg\" \/>\n\t<meta property=\"og:image:width\" content=\"600\" \/>\n\t<meta property=\"og:image:height\" content=\"600\" \/>\n\t<meta property=\"og:image:type\" content=\"image\/jpeg\" \/>\n<meta name=\"twitter:card\" content=\"summary_large_image\" \/>\n<meta name=\"twitter:label1\" content=\"Gesch\u00e4tzte Lesezeit\" \/>\n\t<meta name=\"twitter:data1\" content=\"1\u00a0Minute\" \/>\n<script type=\"application\/ld+json\" class=\"yoast-schema-graph\">{\"@context\":\"https:\/\/schema.org\",\"@graph\":[{\"@type\":\"WebPage\",\"@id\":\"https:\/\/www.bs-eas.de\/shop\/produkt\/sensormatic-mtl-klebeetikett-zlmtls1-ve-2-500-optik-weiss\/\",\"url\":\"https:\/\/www.bs-eas.de\/shop\/produkt\/sensormatic-mtl-klebeetikett-zlmtls1-ve-2-500-optik-weiss\/\",\"name\":\"Sensormatic MTL-Klebeetikett - ZLMTLS1 - VE: 2.500 \/ Optik: Wei\u00df - B&amp;S Service GmbH Shop\",\"isPartOf\":{\"@id\":\"https:\/\/www.bs-eas.de\/shop\/#website\"},\"primaryImageOfPage\":{\"@id\":\"https:\/\/www.bs-eas.de\/shop\/produkt\/sensormatic-mtl-klebeetikett-zlmtls1-ve-2-500-optik-weiss\/#primaryimage\"},\"image\":{\"@id\":\"https:\/\/www.bs-eas.de\/shop\/produkt\/sensormatic-mtl-klebeetikett-zlmtls1-ve-2-500-optik-weiss\/#primaryimage\"},\"thumbnailUrl\":\"https:\/\/www.bs-eas.de\/shop\/wp-content\/uploads\/2025\/07\/Sensormatic-MTL-Klebeetikett-ZLMTLS1.jpg\",\"datePublished\":\"2025-07-08T19:51:38+00:00\",\"dateModified\":\"2025-07-08T20:24:01+00:00\",\"description\":\"Sensormatic MTL-Klebeetikett - ZLMTLS1 - VE: 2.500 \/ Optik: Wei\u00df > im B&S Sicherheitstechnik Shop kaufen\",\"breadcrumb\":{\"@id\":\"https:\/\/www.bs-eas.de\/shop\/produkt\/sensormatic-mtl-klebeetikett-zlmtls1-ve-2-500-optik-weiss\/#breadcrumb\"},\"inLanguage\":\"de\",\"potentialAction\":[{\"@type\":\"ReadAction\",\"target\":[\"https:\/\/www.bs-eas.de\/shop\/produkt\/sensormatic-mtl-klebeetikett-zlmtls1-ve-2-500-optik-weiss\/\"]}]},{\"@type\":\"ImageObject\",\"inLanguage\":\"de\",\"@id\":\"https:\/\/www.bs-eas.de\/shop\/produkt\/sensormatic-mtl-klebeetikett-zlmtls1-ve-2-500-optik-weiss\/#primaryimage\",\"url\":\"https:\/\/www.bs-eas.de\/shop\/wp-content\/uploads\/2025\/07\/Sensormatic-MTL-Klebeetikett-ZLMTLS1.jpg\",\"contentUrl\":\"https:\/\/www.bs-eas.de\/shop\/wp-content\/uploads\/2025\/07\/Sensormatic-MTL-Klebeetikett-ZLMTLS1.jpg\",\"width\":600,\"height\":600,\"caption\":\"Sensormatic-MTL-Klebeetikett-ZLMTLS1\"},{\"@type\":\"BreadcrumbList\",\"@id\":\"https:\/\/www.bs-eas.de\/shop\/produkt\/sensormatic-mtl-klebeetikett-zlmtls1-ve-2-500-optik-weiss\/#breadcrumb\",\"itemListElement\":[{\"@type\":\"ListItem\",\"position\":1,\"name\":\"Startseite\",\"item\":\"https:\/\/www.bs-eas.de\/shop\/\"},{\"@type\":\"ListItem\",\"position\":2,\"name\":\"Produkte\",\"item\":\"https:\/\/www.bs-eas.de\/shop\/shop\/\"},{\"@type\":\"ListItem\",\"position\":3,\"name\":\"Sensormatic MTL-Klebeetikett &#8211; ZLMTLS1 &#8211; VE: 2.500 \/ Optik: Wei\u00df\"}]},{\"@type\":\"WebSite\",\"@id\":\"https:\/\/www.bs-eas.de\/shop\/#website\",\"url\":\"https:\/\/www.bs-eas.de\/shop\/\",\"name\":\"Sicherheitstechnik Shop - B&S Service GmbH\",\"description\":\"\",\"publisher\":{\"@id\":\"https:\/\/www.bs-eas.de\/shop\/#organization\"},\"alternateName\":\"B&S Sicherheitstechnik Shop\",\"potentialAction\":[{\"@type\":\"SearchAction\",\"target\":{\"@type\":\"EntryPoint\",\"urlTemplate\":\"https:\/\/www.bs-eas.de\/shop\/?s={search_term_string}\"},\"query-input\":{\"@type\":\"PropertyValueSpecification\",\"valueRequired\":true,\"valueName\":\"search_term_string\"}}],\"inLanguage\":\"de\"},{\"@type\":\"Organization\",\"@id\":\"https:\/\/www.bs-eas.de\/shop\/#organization\",\"name\":\"Sicherheitstechnik Shop - B&S Service GmbH\",\"url\":\"https:\/\/www.bs-eas.de\/shop\/\",\"logo\":{\"@type\":\"ImageObject\",\"inLanguage\":\"de\",\"@id\":\"https:\/\/www.bs-eas.de\/shop\/#\/schema\/logo\/image\/\",\"url\":\"https:\/\/www.bs-eas.de\/shop\/wp-content\/uploads\/2022\/07\/BS-Logo.png\",\"contentUrl\":\"https:\/\/www.bs-eas.de\/shop\/wp-content\/uploads\/2022\/07\/BS-Logo.png\",\"width\":500,\"height\":250,\"caption\":\"Sicherheitstechnik Shop - B&S Service GmbH\"},\"image\":{\"@id\":\"https:\/\/www.bs-eas.de\/shop\/#\/schema\/logo\/image\/\"},\"sameAs\":[\"https:\/\/www.facebook.com\/profile.php?id=100057193283601\",\"https:\/\/www.instagram.com\/bundsservicegmbh\/\"]}]}<\/script>\n<!-- \/ Yoast SEO plugin. -->","yoast_head_json":{"title":"Sensormatic MTL-Klebeetikett - ZLMTLS1 - VE: 2.500 \/ Optik: Wei\u00df - B&amp;S Service GmbH Shop","description":"Sensormatic MTL-Klebeetikett - ZLMTLS1 - VE: 2.500 \/ Optik: Wei\u00df > im B&S Sicherheitstechnik Shop kaufen","robots":{"index":"index","follow":"follow","max-snippet":"max-snippet:-1","max-image-preview":"max-image-preview:large","max-video-preview":"max-video-preview:-1"},"canonical":"https:\/\/www.bs-eas.de\/shop\/produkt\/sensormatic-mtl-klebeetikett-zlmtls1-ve-2-500-optik-weiss\/","og_locale":"de_DE","og_type":"article","og_title":"Sensormatic MTL-Klebeetikett - ZLMTLS1 - VE: 2.500 \/ Optik: Wei\u00df - B&amp;S Service GmbH Shop","og_description":"Sensormatic MTL-Klebeetikett - ZLMTLS1 - VE: 2.500 \/ Optik: Wei\u00df > im B&S Sicherheitstechnik Shop kaufen","og_url":"https:\/\/www.bs-eas.de\/shop\/produkt\/sensormatic-mtl-klebeetikett-zlmtls1-ve-2-500-optik-weiss\/","og_site_name":"B&amp;S Service GmbH Shop","article_publisher":"https:\/\/www.facebook.com\/profile.php?id=100057193283601","article_modified_time":"2025-07-08T20:24:01+00:00","og_image":[{"width":600,"height":600,"url":"https:\/\/www.bs-eas.de\/shop\/wp-content\/uploads\/2025\/07\/Sensormatic-MTL-Klebeetikett-ZLMTLS1.jpg","type":"image\/jpeg"}],"twitter_card":"summary_large_image","twitter_misc":{"Gesch\u00e4tzte Lesezeit":"1\u00a0Minute"},"schema":{"@context":"https:\/\/schema.org","@graph":[{"@type":"WebPage","@id":"https:\/\/www.bs-eas.de\/shop\/produkt\/sensormatic-mtl-klebeetikett-zlmtls1-ve-2-500-optik-weiss\/","url":"https:\/\/www.bs-eas.de\/shop\/produkt\/sensormatic-mtl-klebeetikett-zlmtls1-ve-2-500-optik-weiss\/","name":"Sensormatic MTL-Klebeetikett - ZLMTLS1 - VE: 2.500 \/ Optik: Wei\u00df - B&amp;S Service GmbH Shop","isPartOf":{"@id":"https:\/\/www.bs-eas.de\/shop\/#website"},"primaryImageOfPage":{"@id":"https:\/\/www.bs-eas.de\/shop\/produkt\/sensormatic-mtl-klebeetikett-zlmtls1-ve-2-500-optik-weiss\/#primaryimage"},"image":{"@id":"https:\/\/www.bs-eas.de\/shop\/produkt\/sensormatic-mtl-klebeetikett-zlmtls1-ve-2-500-optik-weiss\/#primaryimage"},"thumbnailUrl":"https:\/\/www.bs-eas.de\/shop\/wp-content\/uploads\/2025\/07\/Sensormatic-MTL-Klebeetikett-ZLMTLS1.jpg","datePublished":"2025-07-08T19:51:38+00:00","dateModified":"2025-07-08T20:24:01+00:00","description":"Sensormatic MTL-Klebeetikett - ZLMTLS1 - VE: 2.500 \/ Optik: Wei\u00df > im B&S Sicherheitstechnik Shop kaufen","breadcrumb":{"@id":"https:\/\/www.bs-eas.de\/shop\/produkt\/sensormatic-mtl-klebeetikett-zlmtls1-ve-2-500-optik-weiss\/#breadcrumb"},"inLanguage":"de","potentialAction":[{"@type":"ReadAction","target":["https:\/\/www.bs-eas.de\/shop\/produkt\/sensormatic-mtl-klebeetikett-zlmtls1-ve-2-500-optik-weiss\/"]}]},{"@type":"ImageObject","inLanguage":"de","@id":"https:\/\/www.bs-eas.de\/shop\/produkt\/sensormatic-mtl-klebeetikett-zlmtls1-ve-2-500-optik-weiss\/#primaryimage","url":"https:\/\/www.bs-eas.de\/shop\/wp-content\/uploads\/2025\/07\/Sensormatic-MTL-Klebeetikett-ZLMTLS1.jpg","contentUrl":"https:\/\/www.bs-eas.de\/shop\/wp-content\/uploads\/2025\/07\/Sensormatic-MTL-Klebeetikett-ZLMTLS1.jpg","width":600,"height":600,"caption":"Sensormatic-MTL-Klebeetikett-ZLMTLS1"},{"@type":"BreadcrumbList","@id":"https:\/\/www.bs-eas.de\/shop\/produkt\/sensormatic-mtl-klebeetikett-zlmtls1-ve-2-500-optik-weiss\/#breadcrumb","itemListElement":[{"@type":"ListItem","position":1,"name":"Startseite","item":"https:\/\/www.bs-eas.de\/shop\/"},{"@type":"ListItem","position":2,"name":"Produkte","item":"https:\/\/www.bs-eas.de\/shop\/shop\/"},{"@type":"ListItem","position":3,"name":"Sensormatic MTL-Klebeetikett &#8211; ZLMTLS1 &#8211; VE: 2.500 \/ Optik: Wei\u00df"}]},{"@type":"WebSite","@id":"https:\/\/www.bs-eas.de\/shop\/#website","url":"https:\/\/www.bs-eas.de\/shop\/","name":"Sicherheitstechnik Shop - B&S Service GmbH","description":"","publisher":{"@id":"https:\/\/www.bs-eas.de\/shop\/#organization"},"alternateName":"B&S Sicherheitstechnik Shop","potentialAction":[{"@type":"SearchAction","target":{"@type":"EntryPoint","urlTemplate":"https:\/\/www.bs-eas.de\/shop\/?s={search_term_string}"},"query-input":{"@type":"PropertyValueSpecification","valueRequired":true,"valueName":"search_term_string"}}],"inLanguage":"de"},{"@type":"Organization","@id":"https:\/\/www.bs-eas.de\/shop\/#organization","name":"Sicherheitstechnik Shop - B&S Service GmbH","url":"https:\/\/www.bs-eas.de\/shop\/","logo":{"@type":"ImageObject","inLanguage":"de","@id":"https:\/\/www.bs-eas.de\/shop\/#\/schema\/logo\/image\/","url":"https:\/\/www.bs-eas.de\/shop\/wp-content\/uploads\/2022\/07\/BS-Logo.png","contentUrl":"https:\/\/www.bs-eas.de\/shop\/wp-content\/uploads\/2022\/07\/BS-Logo.png","width":500,"height":250,"caption":"Sicherheitstechnik Shop - B&S Service GmbH"},"image":{"@id":"https:\/\/www.bs-eas.de\/shop\/#\/schema\/logo\/image\/"},"sameAs":["https:\/\/www.facebook.com\/profile.php?id=100057193283601","https:\/\/www.instagram.com\/bundsservicegmbh\/"]}]}},"_links":{"self":[{"href":"https:\/\/www.bs-eas.de\/shop\/wp-json\/wp\/v2\/product\/3817"}],"collection":[{"href":"https:\/\/www.bs-eas.de\/shop\/wp-json\/wp\/v2\/product"}],"about":[{"href":"https:\/\/www.bs-eas.de\/shop\/wp-json\/wp\/v2\/types\/product"}],"wp:featuredmedia":[{"embeddable":true,"href":"https:\/\/www.bs-eas.de\/shop\/wp-json\/wp\/v2\/media\/3818"}],"wp:attachment":[{"href":"https:\/\/www.bs-eas.de\/shop\/wp-json\/wp\/v2\/media?parent=3817"}],"wp:term":[{"taxonomy":"product_cat","embeddable":true,"href":"https:\/\/www.bs-eas.de\/shop\/wp-json\/wp\/v2\/product_cat?post=3817"},{"taxonomy":"product_tag","embeddable":true,"href":"https:\/\/www.bs-eas.de\/shop\/wp-json\/wp\/v2\/product_tag?post=3817"}],"curies":[{"name":"wp","href":"https:\/\/api.w.org\/{rel}","templated":true}]}}